of 1024198?
False
Does 608 divide 1181344?
True
Is 49907 a multiple of 14?
False
Does 2 divide 207600?
True
Does 3 divide 34822?
False
Is 42011 a multiple of 52?
False
Is 16470 a multiple of 19?
False
Is 3724316 a multiple of 5?
False
Is 7071730 a multiple of 282?
False
Does 5 divide 107613?
False
Is 74 a factor of 104266?
True
Is 429128 a multiple of 783?
False
Is 876955 a multiple of 274?
False
Does 50 divide 5356259?
False
Is 107652 a multiple of 94?
False
Is 702075 a multiple of 165?
True
Is 114 a factor of 451440?
True
Is 261 a factor of 178986?
False
Is 152 a factor of 99681?
False
Does 342 divide 6377958?
True
Is 304107 a multiple of 641?
False
Is 322424 a multiple of 164?
True
Is 18 a factor of 75100?
False
Is 14159805 a multiple of 15?
True
Does 382 divide 407212?
True
Does 44 divide 149864?
True
Is 27 a factor of 19068?
False
Is 284258 a multiple of 338?
True
Does 4 divide 29492?
True
Is 149 a factor of 1147508?
False
Is 22 a factor of 26290?
True
Is 6 a factor of 160266?
True
Is 14 a factor of 2113146?
True
Is 94598 a multiple of 2?
True
Does 18 divide 57470?
False
Is 9 a factor of 1037205?
True
Is 9079334 a multiple of 11?
True
Is 3612871 a multiple of 64?
False
Does 24 divide 227424?
True
Does 85 divide 856290?
True
Is 588908 a multiple of 10?
False
Is 199518 a multiple of 30?
False
Is 275 a factor of 341275?
True
Is 7980 a multiple of 20?
True
Is 25 a factor of 23161?
False
Is 14977771 a multiple of 98?
False
Does 17 divide 122385?
False
Is 81816 a multiple of 28?
True
Is 3373729 a multiple of 9?
False
Is 59 a factor of 966892?
True
Is 16517935 a multiple of 95?
True
Is 71 a factor of 2276436?
False
Is 5998740 a multiple of 330?
True
Is 47 a factor of 3731612?
True
Is 7 a factor of 11227?
False
Is 586418 a multiple of 2?
True
Does 153 divide 9561755?
False
Is 771462 a multiple of 9?
True
Does 161 divide 1343223?
True
Is 734507 a multiple of 67?
False
Does 88 divide 1321760?
True
Is 1789565 a multiple of 10?
False
Is 56966 a multiple of 32?
False
Is 233402 a multiple of 26?
True
Is 31 a factor of 6300638?
False
Does 191 divide 1184272?
False
Is 13482 a multiple of 321?
True
Is 5161464 a multiple of 63?
True
Does 13 divide 165490?
True
Is 444677 a multiple of 9?
False
Is 12 a factor of 22649?
False
Is 23 a factor of 96255?
True
Is 28 a factor of 274372?
True
Is 233971 a multiple of 33?
False
Is 6577 a multiple of 10?
False
Is 49 a factor of 262395?
True
Is 135 a factor of 1830060?
True
Is 4263482 a multiple of 53?
False
Is 127 a factor of 161798?
True
Is 22 a factor of 2212754?
False
Does 10 divide 3169620?
True
Is 8 a factor of 1120551?
False
Is 620906 a multiple of 169?
True
Is 55 a factor of 14896314?
False
Does 7 divide 86976?
False
Is 2751478 a multiple of 8?
False
Does 15 divide 398778?
False
Is 117 a factor of 227799?
True
Is 76 a factor of 162691?
False
Is 5076 a multiple of 24?
False
Does 20 divide 350020?
True
Is 8 a factor of 1522480?
True
Is 151890 a multiple of 10?
True
Does 2 divide 163904?
True
Is 454 a factor of 2905700?
False
Is 3127980 a multiple of 40?
False
Does 1913 divide 3353799?
False
Is 734224 a multiple of 1183?
False
Does 92 divide 3401700?
True
Is 409535 a multiple of 5?
True
Is 64236 a multiple of 318?
True
Is 14532009 a multiple of 267?
True
Is 1010 a factor of 135340?
True
Is 53261 a multiple of 114?
False
Is 6 a factor of 40462?
False
Is 159 a factor of 99697?
False
Does 36 divide 134928?
True
Is 47 a factor of 189595?
False
Does 476 divide 1562140?
False
Is 21788 a multiple of 7?
False
Is 685 a factor of 563070?
True
Is 3144762 a multiple of 129?
True
Does 158 divide 1252477?
False
Is 334350 a multiple of 225?
True
Is 14379492 a multiple of 12?
True
Is 193 a factor of 7897391?
False
Is 1717086 a multiple of 14?
True
Is 435 a factor of 1816560?
True
Does 52 divide 80600?
True
Is 73978 a multiple of 94?
True
Does 4 divide 3203488?
True
Is 20189538 a multiple of 478?
False
Is 24 a factor of 1782720?
True
Is 12 a factor of 1691570?
False
Is 333926 a multiple of 281?
False
Does 31 divide 26505?
True
Is 16 a factor of 225685?
False
Is 170 a factor of 595220?
False
Is 440 a factor of 87560?
True
Is 636 a factor of 1497144?
True
Is 81 a factor of 644436?
True
Does 147 divide 405051?
False
Is 154550 a multiple of 50?
True
Does 10 divide 2711980?
True
Does 37 divide 18353345?
False
Is 358111 a multiple of 169?
True
Does 1269 divide 4347328?
False
Does 9 divide 203718?
False
Is 31270 a multiple of 106?
True
Does 24 divide 612288?
True
Is 101 a factor of 375451?
False
Is 6612379 a multiple of 9?
False
Is 589 a factor of 154318?
True
Is 240958 a multiple of 43?
False
Is 2 a factor of 13935?
False
Is 224793 a multiple of 4?
False
Does 102 divide 123418?
False
Is 2071296 a multiple of 87?
True
Does 1703 divide 17334837?
True
Does 47 divide 97913?
False
Is 31130735 a multiple of 19?
False
Does 97 divide 25862?
False
Is 699 a factor of 774492?
True
Is 32 a factor of 208640?
True
Does 68 divide 381004?
True
Is 48136 a multiple of 11?
True
Is 24 a factor of 97656?
True
Is 11 a factor of 665080?
False
Is 71 a factor of 202634?
True
Does 92 divide 902267?
False
Is 216977 a multiple of 61?
True
Is 122 a factor of 164872?
False
Is 20 a factor of 69812?
False
Is 80671 a multiple of 137?
False
Is 14 a factor of 137461?
False
Is 5 a factor of 7560725?
True
Is 770328 a multiple of 39?
True
Is 170004 a multiple of 1828?
True
Is 8 a factor of 1772432?
True
Is 4 a factor of 607645?
False
Does 996 divide 1803546?
False
Is 3283792 a multiple of 202?
False
Does 14 divide 4611?
False
Does 14 divide 68034?
False
Is 183080 a multiple of 5?
True
Is 880 a factor of 1862960?
True
Is 26 a factor of 2105658?
False
Is 1245 a multiple of 415?
True
Is 5761224 a multiple of 441?
True
Is 235378 a multiple of 26?
True
Does 237 divide 158111?
False
Is 10 a factor of 71112?
False
Is 26 a factor of 822077?
False
Is 7 a factor of 915271?
True
Is 26 a factor of 3306492?
False
Does 1394 divide 8743168?
True
Is 4494915 a multiple of 64?
False
Is 150144 a multiple of 189?
False
Is 42 a factor of 90972?
True
Is 12 a factor of 26592?
True
Is 3 a factor of 28848?
True
Does 14 divide 94738?
True
Does 75 divide 1596600?
True
Is 25 a factor of 503725?
True
Is 16 a factor of 236029?
False
Is 261410 a multiple of 2?
True
Is 13453 a multiple of 47?
False
Is 634319 a multiple of 300?
False
Is 11914 a multiple of 37?
True
Is 326510 a multiple of 4?
False
Is 337 a factor of 526057?
True
Is 680 a factor of 11445080?
True
Is 56 a factor of 121183?
False
Is 1801160 a multiple of 148?
True
Does 29 divide 2299?
False
Is 475063 a multiple of 8?
False
Is 13 a factor of 153406?
False
Is 26 a factor of 3834799?
False
Is 69549 a multiple of 135?
False
Does 12 divide 89399?
False
Is 13917024 a multiple of 48?
True
Does 71 divide 493947?
True
Does 292 divide 35834?
False
Does 1116 divide 2091502?
False
Does 100 divide 1035400?
True
Does 19 divide 145350?
True
Does 4 divide 78998?
False
Is 242 a factor of 114789?
False
Is 175 a factor of 14644350?
True
Does 284 divide 10803360?
True
Is 217 a factor of 204631?
True
Is 15610 a multiple of 446?
True
Is 131 a factor of 2107397?
True
Is 2194640 a multiple of 10?
True
Does 282 divide 2433838?
False
Is 8 a factor of 539120?
True
Is 33 a factor of 888360?
True
Does 55 divide 177155?
True
Is 10 a factor of 60080?
True
Is 56639 a multiple of 11?
True
Is 1743812 a multiple of 8?
False
Is 428990 a multiple of 191?
False
Is 156949 a multiple of 13?
True
Does 97 divide 84362?
False
Is 27951860 a multiple of 20?
True
Is 966683 a multiple of 4?
False
Is 428942 a multiple of 604?
False
Is 19 a factor of 28367?
True
Is 170 a factor of 2646900?
True
Is 526773 a multiple of 13?
True
Is 4883646 a multiple of 114?
True
Is 174 a factor of 10092?
True
Is 76881 a multiple of 9?
False
Does 13 divide 99320?
True
Is 138096 a multiple of 48?
True
Is 10670286 a multiple of 24?
False
Does 69 divide 15294885?
True
Is 59 a factor of 1062664?
False
Is 15884328 a multiple of 12?
True
Is 7 a factor of 269535?
True
Is 160 a factor of 720251?
False
Is 527 a factor of 6736775?
False
Is 2550418 a multiple of 421?
True
Is 27 a factor of 503842?
False
Is 11 a factor of 14463219?
False
Is 30 a factor of 1524270?
True
Is 6 a factor of 6406932?
True
Is 11 a factor of